{"id":1685,"date":"2017-01-17T16:14:27","date_gmt":"2017-01-17T15:14:27","guid":{"rendered":"https:\/\/www.vfdb.org\/aktuell\/?page_id=1685"},"modified":"2025-09-10T11:13:43","modified_gmt":"2025-09-10T09:13:43","slug":"spenden","status":"publish","type":"page","link":"https:\/\/www.vfdb.org\/aktuell\/spenden\/","title":{"rendered":"Spenden"},"content":{"rendered":"<p><span style=\"font-family: 'Arial','sans-serif';\"><span style=\"color: #000000;\">Liebe Spender\/Innen, Mitglieder, BV- und OV-Vorsitzende.<\/span><\/span><\/p>\n<p><span style=\"font-family: 'Arial','sans-serif';\"><span style=\"color: #000000;\">\u00a0<\/span><\/span><\/p>\n<p><span style=\"color: #000000;\"><a href=\"https:\/\/www.vfdb.org\/files\/download\/vordrucke\/AntragSpendenbescheinigungGeldspende2017.pdf\"><strong><span style=\"font-family: 'Arial','sans-serif';\">Geld-Spenden<\/span><\/strong><\/a><span style=\"font-family: 'Arial','sans-serif';\"> f\u00fcr die eine Spenden\/Zuwendungsbescheinigung ausgestellt werden soll m\u00fcssen \u00fcber die Kasse des Gesamtverbandes (HV-Kasse) laufen.<\/span><\/span><\/p>\n<p><span style=\"font-family: 'Arial','sans-serif';\"><span style=\"color: #000000;\">\u00a0<\/span><\/span><\/p>\n<p><span style=\"color: #000000;\"><strong><span style=\"font-family: 'Arial','sans-serif';\">Name: VFDB e.V.<\/span><\/strong><span style=\"font-family: 'Arial','sans-serif';\">\u00a0<\/span><\/span><\/p>\n<p><strong><span style=\"font-family: 'Arial','sans-serif';\"><span style=\"color: #000000;\">IBAN: DE06 2419 1015 0231 7494 04\u00a0\u00a0\u00a0\u00a0\u00a0 BIC: GENODEF1SDE<\/span><\/span><\/strong><\/p>\n<p><span style=\"font-family: 'Arial','sans-serif';\"><span style=\"color: #000000;\"><strong> Verwendungszweck: Spende f\u00fcr OV, Relais oder Projekt von Rufzeichen &#8230;&#8230;<\/strong><\/span><\/span><\/p>\n<p><span style=\"font-family: 'Arial','sans-serif';\"><span style=\"color: #000000;\">Eine steuerliche Abzugsf\u00e4higkeit von Spenden ist nur bei steuerpflichtigen Personen\/Vereinen etc. m\u00f6glich. Gemeinn\u00fctzige Vereine geh\u00f6ren nicht dazu. Bei einem Spendenbetrag ab 100 \u20ac ist daf\u00fcr eine Spendenbescheinigung erforderlich.<\/span><\/span><\/p>\n<p><span style=\"font-family: 'Arial','sans-serif';\"><span style=\"color: #000000;\">Der Hauptkasse ist zum Ausstellen der Spendenbescheinigung der ausgef\u00fcllte Antrag zuzusenden.<br \/>\nBei Spenden unter 100 \u20ac akzeptieren die Finanz\u00e4mter in der Regel den Kontoauszug als Spendenbeleg, hier gibt es beim Online Banking oft die M\u00f6glichkeit die \u00dcberweisung als Spende zu kennzeichnen.<\/span><\/span><\/p>\n<p><span style=\"font-family: 'Arial','sans-serif';\"><span style=\"color: #000000;\">\u00a0<\/span><\/span><\/p>\n<p><strong>Freistellungsbescheid f\u00fcr 2020-2022 vom 19.06.2024<br \/>\nFinanzamt\u00a0F\u00fcrstenfeldbruck\u00a0Steuernummer\u00a0117\/111\/20159<\/strong><\/p>\n<p><span style=\"font-family: 'Arial','sans-serif';\"><span style=\"color: #000000;\">\u00a0<\/span><\/span><\/p>\n<p><span style=\"font-family: 'Arial','sans-serif';\"><span style=\"color: #000000;\">Auch f\u00fcr <a href=\"https:\/\/www.vfdb.org\/files\/download\/vordrucke\/AntragSpendenbescheinigungSachspende2017.pdf\"><strong>Sachspenden<\/strong><\/a><\/span><span style=\"color: #000000;\"> ist es m\u00f6glich eine Spendenbescheinigung auszustellen. Hier muss der Hauptkasse ein vollst\u00e4ndig ausgef\u00fcllter Antrag auf Spendenbescheinigung \u00fcber eine Sachspende vom Spender und Spendenempf\u00e4nger vorgelegt werden. Der Wert muss mit der originalen Rechnung nachgewiesen werden. Wertermittlung im Internet oder gesch\u00e4tzte Wertermittlungen sind nicht zul\u00e4ssig. Handelt es sich um Sachspenden die \u00fcber ein Betriebsverm\u00f6gen abgeschrieben wurden, kann keine Spendenbescheinigung ausgestellt werden.<\/span><\/span><\/p>\n<p><span style=\"font-family: 'Arial','sans-serif';\"><span style=\"color: #000000;\">\u00a0<\/span><\/span><\/p>\n<p><span style=\"font-family: 'Arial','sans-serif';\"><span style=\"color: #000000;\">Bei Fragen stehe ich Euch gerne zur Verf\u00fcgung.<\/span><\/span><\/p>\n<p><span style=\"font-family: 'Arial','sans-serif';\"><span style=\"color: #000000;\">\u00a0<\/span><\/span><\/p>\n<p><span style=\"font-family: 'Arial','sans-serif';\"><span style=\"color: #000000;\">vy 73, J\u00fcrgen Traupe, DH2OP<\/span><\/span><\/p>\n<p><span style=\"font-family: 'Arial','sans-serif';\"><span style=\"color: #000000;\">Hauptkassenverwalter des VFDB e.V.<\/span><\/span><\/p>\n<p><span style=\"font-family: 'Arial','sans-serif';\"><span style=\"color: #000000;\">\u00a0<\/span><\/span><\/p>\n<p><span style=\"font-family: 'Arial','sans-serif';\"><span style=\"color: #000000;\">Anschrift: <\/span><\/span><\/p>\n<p><span style=\"font-family: 'Arial','sans-serif';\"><span style=\"color: #000000;\">K\u00f6nigsberger Str.31, <\/span><\/span><\/p>\n<p><span style=\"color: #000000;\"><span style=\"font-family: 'Arial','sans-serif';\">37574 Einbeck<\/span><span style=\"font-family: 'Arial','sans-serif';\">, <\/span><\/span><\/p>\n<p><span style=\"font-family: 'Arial','sans-serif';\"><span style=\"color: #000000;\">E-Mail: <\/span><\/span><span style=\"font-family: 'Arial','sans-serif';\"><span style=\"color: #0000ff;\">kasse at vfdb.org<\/span><\/span><\/p>\n<p><span style=\"font-family: 'Arial','sans-serif';\"><span style=\"color: #000000;\">Tel.: 05561 313 0409<\/span><\/span><\/p>\n<p>&nbsp;<\/p>\n","protected":false},"excerpt":{"rendered":"<p>Liebe Spender\/Innen, Mitglieder, BV- und OV-Vorsitzende. \u00a0 Geld-Spenden f\u00fcr die eine Spenden\/Zuwendungsbescheinigung ausgestellt werden soll m\u00fcssen \u00fcber die Kasse des Gesamtverbandes (HV-Kasse) laufen. \u00a0 Name: VFDB e.V.\u00a0 IBAN: DE06 2419 1015 0231 7494 04\u00a0\u00a0\u00a0\u00a0\u00a0 BIC: GENODEF1SDE Verwendungszweck: Spende f\u00fcr OV, Relais oder Projekt von Rufzeichen &#8230;&#8230; Eine steuerliche Abzugsf\u00e4higkeit von Spenden ist nur bei steuerpflichtigen&hellip; <a href=\"https:\/\/www.vfdb.org\/aktuell\/spenden\/\">Weiterlesen <span class=\"meta-nav\">&rarr;<\/span><\/a><\/p>\n","protected":false},"author":3,"featured_media":0,"parent":0,"menu_order":0,"comment_status":"closed","ping_status":"closed","template":"","meta":{"footnotes":""},"class_list":["post-1685","page","type-page","status-publish","hentry"],"_links":{"self":[{"href":"https:\/\/www.vfdb.org\/aktuell\/wp-json\/wp\/v2\/pages\/1685","targetHints":{"allow":["GET"]}}],"collection":[{"href":"https:\/\/www.vfdb.org\/aktuell\/wp-json\/wp\/v2\/pages"}],"about":[{"href":"https:\/\/www.vfdb.org\/aktuell\/wp-json\/wp\/v2\/types\/page"}],"author":[{"embeddable":true,"href":"https:\/\/www.vfdb.org\/aktuell\/wp-json\/wp\/v2\/users\/3"}],"replies":[{"embeddable":true,"href":"https:\/\/www.vfdb.org\/aktuell\/wp-json\/wp\/v2\/comments?post=1685"}],"version-history":[{"count":15,"href":"https:\/\/www.vfdb.org\/aktuell\/wp-json\/wp\/v2\/pages\/1685\/revisions"}],"predecessor-version":[{"id":6155,"href":"https:\/\/www.vfdb.org\/aktuell\/wp-json\/wp\/v2\/pages\/1685\/revisions\/6155"}],"wp:attachment":[{"href":"https:\/\/www.vfdb.org\/aktuell\/wp-json\/wp\/v2\/media?parent=1685"}],"curies":[{"name":"wp","href":"https:\/\/api.w.org\/{rel}","templated":true}]}}