{"id":558,"date":"2015-07-23T23:05:20","date_gmt":"2015-07-23T21:05:20","guid":{"rendered":"https:\/\/www.vfdb.org\/aktuell\/?page_id=558"},"modified":"2019-12-04T10:18:46","modified_gmt":"2019-12-04T09:18:46","slug":"was-ist-eine-fuchsjagd","status":"publish","type":"page","link":"https:\/\/www.vfdb.org\/aktuell\/organisation\/referate\/ardf\/was-ist-eine-fuchsjagd\/","title":{"rendered":"Was ist eine Fuchsjagd"},"content":{"rendered":"<p>Fuchsjagd, Amateurfunkpeilen auch ARDF (Amateur-Radio-Direction-Finding) genannt, ist der sportliche Teil des Amateurfunks. Da man zum Empfang von Amateurfunkaussendungen keine Lizenz (Genehmigung\/Funkzeugnis) ben\u00f6tigt, darf diesen Sport jedermann (auch Kinder) aus\u00fcben. Das Verstecken der Sender (F\u00fcchse\/Peilbake\/Posten) darf nur von einem lizensierten Funkamateur durchgef\u00fchrt werden. Grunds\u00e4tzlich geht es darum, mit Peilempf\u00e4ngern, im Wald versteckte Sender zu finden und eine mitgef\u00fchrte Kontrollkarte (oder mitgef\u00fchrten Kontrollchip) an einer Zange, oder an einer elektronischen Kontrollstation, die sich am Sender befinden, abzustempeln (zu lochen). Nach dem Auffinden der Sender muss man zum Ziel zur\u00fcckkehren. Diese Wettbewerbe werden entweder auf Kurzwelle (80-m-Amateurfunk-Band) oder Ultrakurzwelle (2-m-Amateurfunk-Band) durchgef\u00fchrt.<\/p>\n<p>&nbsp;<\/p>\n<p>Normaler Wettbewerb:<\/p>\n<p>Bei den meisten Wettbewerben werden im Gel\u00e4nde (meistens im Wald) 5 Sender versteckt, die auf einer Frequenz senden.<\/p>\n<p>Sender 1 sendet in der ersten Minute laufend die Morsekennung \u201eMOE\u201c<\/p>\n<p>&#8211; &#8211;\u00a0\u00a0 &#8211; &#8211; &#8211;\u00a0 .\u00a0\u00a0\u00a0\u00a0\u00a0 (da,da,\u00a0\u00a0 da,da,da,\u00a0\u00a0 dit)<\/p>\n<p>Sender 2 in der zweiten Minute die Kennung \u201eMOI\u201c<\/p>\n<p>&#8211; &#8211;\u00a0\u00a0 &#8211; &#8211; &#8211;\u00a0 ..\u00a0\u00a0\u00a0\u00a0 (da,da,\u00a0\u00a0 da,da,da,\u00a0\u00a0 dit,dit)<\/p>\n<p>Sender 3 in der dritten Minute die Kennung \u201eMOS\u201c<\/p>\n<p>&#8211; &#8211;\u00a0\u00a0 &#8211; &#8211; &#8211;\u00a0 &#8230;\u00a0\u00a0\u00a0 (da,da\u00a0\u00a0\u00a0 da,da,da,\u00a0\u00a0 dit,dit,dit)<\/p>\n<p>Sender 4 in der vierten Minute die Kennung \u201eMOH\u201c<\/p>\n<p>&#8211; &#8211;\u00a0\u00a0 &#8211; &#8211; &#8211;\u00a0 &#8230;.\u00a0\u00a0 (da,da,\u00a0\u00a0 da,da,da,\u00a0 dit,dit,dit,dit)<\/p>\n<p>und in der f\u00fcnften Minuten sendet Sender 5 die Kennung \u201eMO5\u201c<\/p>\n<p>&#8211; &#8211;\u00a0\u00a0 &#8211; &#8211; &#8211;\u00a0 &#8230;..\u00a0 (da,da,\u00a0\u00a0 da,da,da,\u00a0 dit,dit,dit,dit,dit).<\/p>\n<p>In der sechsten Minute sendet wieder Sender\u00a01, in der siebten Sender\u00a02 und so weiter.<\/p>\n<p>Da die Sender im Gel\u00e4nde durcheinander, also nicht in der Reihenfolge 1-2-3-4-5, versteckt sind, kann man durch Vorpeilen (Abh\u00f6ren der Lautst\u00e4rke der Sender) vor dem Start feststellen, in welcher Richtung und ungef\u00e4hr wie weit die Sender versteckt sind. Wenn man los laufen (starten) darf, versucht man, die Sender der vorher \u201egepeilten\u201c Reihenfolge nach und nach an zu laufen.<\/p>\n<p>Gestartet werden oft alle 5 Minuten bis zu 5 Personen, aber es gibt auch den Massenstart, bei dem alle Teilnehmer gleichzeitig loslaufen d\u00fcrfen.<\/p>\n<p>Will man im Gel\u00e4nde den R\u00fcckweg antreten, wechselt man am Peilempf\u00e4nger auf die Frequenz des R\u00fcckholsenders.<\/p>\n<p>Der R\u00fcckholsender steht am Ziel (meistens ist das auch der Startplatz) und sendet auf einer anderen Frequenz als die 5\u00a0Sender im Gel\u00e4nde, andauernd, ununterbrochen das Morsezeichen \u201eMO\u201c ( &#8211; &#8211;\u00a0\u00a0 &#8211; &#8211; &#8211;\u00a0 da,da\u00a0 da,da,da). Diesen peilt man nun an und findet so den Weg zur\u00fcck zum Ziel. Wer alle 5 Sender in der k\u00fcrzesten Zeit gefunden hat, ist der Sieger. Aber maximale Zeitvorgabe ist normalerweise 2 Stunden.<\/p>\n<p>Das hei\u00dft, dass man 2 Stunden Zeit hat, alle Sender zu finden und zum Ziel zur\u00fcck zu kehren. Es ist also besser, einen Sender innerhalb der 2 Stunden zu finden, als alle 5 und eine Sekunde \u00fcber die 2 Stunden zu sein!<\/p>\n<p>&nbsp;<\/p>\n<p>Die Streckenl\u00e4nge \u00fcber alle Sender schwankt zwischen 4 km und 8 km.<\/p>\n<p>Der Abstand zwischen Start-\/Zielplatz und dem n\u00e4chstgelegen Sender mu\u00df (sollte) mindestens 750 m und der Abstand zwischen den Sendern im Gel\u00e4nde mu\u00df (sollte) mindestens 400 m betragen.<\/p>\n<p>&nbsp;<\/p>\n<p>Foxoring:<\/p>\n<p>(Seit einer Auflage des Kommunalverbandes \u201ePro Gr\u00fcn\u201c 2007, dass wir garantieren mussten, das die Teilnehmer die Wege beim Peilen nicht verlassen, f\u00fchrten wir am \u201eUhlenhof\u201c Foxoringwettbewerbe durch). Da ich glaube, das die Teilnehmer sich in Zukunft an das Wegegebot halten, werden wir 2010 auch wieder normale Wettbewerbe durchf\u00fchren. Aber nun wieder zur Erkl\u00e4rung, was Foxoring ist:<\/p>\n<p>&nbsp;<\/p>\n<h5>Beim Foxoring-Wettbewerb (Kombination von Amateurfunkpeilen und Orientierungslauf) werden ca. 10 bis 20 Minisender versteckt. Das sind Sender, die nur eine sehr geringe Leistung haben, nur ca. 150 m weit zu h\u00f6ren sind, aber alle diese Sender im Wald senden andauernd auf einer Frequenz ununterbrochen eine Kennung (z.B. \u201ea\u201c , dit,da .- oder m1 bis m0). Man kann diese Minisender am Start nicht h\u00f6ren und sie sind im Gel\u00e4nde in einem Abstand von ca. 400 m versteckt. Am Start gibt der Veranstalter jedem Teilnehmer eine farbige, sehr detaillierte Landkarte. In dieser Landkarte sind durchnummerierte Kreise an Wegen eingezeichnet. Innerhalb dieser Kreise ist der jeweilige Sender zu h\u00f6ren. Man mu\u00df also erst anhand der Karte, unter Zuhilfenahme eines Kompasses, das Gebiet des eingezeichneten Kreises finden. Ist man innerhalb des Kreisgebietes, kann man erst den Sender anpeilen, finden und abstempeln. Dann mu\u00df man wieder anhand der Landkarte den n\u00e4chsten Kreis auf der Karte finden, den Sender anpeilen und so weiter. Der eingezeichnete Kreis auf der Karte hat im Gel\u00e4nde einen Durchmesser von ca. 50 m. In diesem Kreis ist der Minisender auf jeden Fall zu h\u00f6ren, aber der Minisender mu\u00df sich nicht innerhalb des Kreises befinden!<\/h5>\n<p>Die Streckenl\u00e4nge \u00fcber alle Sender betr\u00e4gt meistens ca.7 km. Die maximale Laufzeit wird auf 2 Stunden, bei langen Foxoringstrecken (\u201eLangstrecken-Foxoring\u201c, ca. 20 Minisender und Streckenl\u00e4nge ca 14 km) auf 3 Stunden festgelegt. Gestartet werden kann jede\u00a0 Sekunde 1 &#8211; 3 Teilnehmer. Aus Sicherheitsgr\u00fcnden sendet am Ziel auf einer anderen Frequenz, als die Sender im Gel\u00e4nde, ein R\u00fcckholsender ununterbrochen \u201eMO\u201c und der ist im gesamten Gel\u00e4nde zu h\u00f6ren. Denn falls man mal im Wald die Orientierung verloren hat, kann man auf Grund des R\u00fcckholsenders zum Ziel zur\u00fcck finden.<\/p>\n<p>&nbsp;<\/p>\n<p>Langstreckenfuchsjagd:<\/p>\n<p>Bei der Langstreckenfuchsjagd werden, wie bei dem normalen Wettbewerb, 5 normale Sender im Wald versteckt aber zus\u00e4tzlich noch 5 Minisender. Jeweils ein Minisender befindet sich in ca. 150 m Entfernung zu einem Hauptsender. Die f\u00fcnf normalen Hauptsender senden, wie bei einem normalen Wettbewerb, zeitversetzt: Hauptsender eins (MOE) in der ersten Minute , zwei (MOI) in der zweiten Minute usw. Diese f\u00fcnf \u201enormalen\u201c Sender sind auch am Start zu h\u00f6ren und d\u00fcrfen am Start, im Regelfall, vorgepeilt werden. Allerdings sind diese f\u00fcnf Sender \u00fcber eine Streckenl\u00e4nge von ca. 12 km verteilt. Wenn man im Gel\u00e4nde einen dieser f\u00fcnf Sender gefunden hat, mu\u00df man zus\u00e4tzlich den dazu geh\u00f6rigen Minisender\/Sputnik oder auch Satellitensender genannt, finden. Dieser befindet sich im Umkreis von 150 m um diesen \u201enormalen\u201c Sender und sendet ununterbrochen seine Kennung. Die 5 Hauptsender und die 5 Minisender sind in den Karten nicht mit einem Kreis eingezeichnet. Hat man ,nachdem man den Hauptsender gefunden hat, auch den dazugeh\u00f6rigen Minisender gefunden, peilt man den n\u00e4chsten &#8222;normalen&#8220; Hauptsender an, sucht diesen, dann den dazu geh\u00f6rigen Minisender und so weiter.<\/p>\n<p>Es werden alle 5\u00a0Minuten ca. 5\u00a0Personen gestartet und die maximale Laufzeit betr\u00e4gt 3\u00a0Stunden.<\/p>\n<p>&nbsp;<\/p>\n<p>Allgemeiner Hinweis:<\/p>\n<p>Teilnehmer, die bei den Deutschen Meisterschaften im Amateurfunkpeilen, bei den Deutschen Foxoring Meisterschaften oder bei den Ranglistenl\u00e4ufen mitmachen wollen, m\u00fcssen sich Tage vorher anmelden (z.B. im Internet auf der ARDF-Seite)!<\/p>\n<p>&nbsp;<\/p>\n<p>Bei allen anderen Wettbewerben (z.B. OV- und Distriktwettbewerbe) ist eine vorherige Anmeldung der Teilnehmer nicht \u00fcblich.<\/p>\n<p>&nbsp;<\/p>\n<p>Offizielle Wettbewerbe [z.B. Distrikt- und offizielle Sonder-Peilwettbewerbe, Deutsche Meisterschaft im Amateurfunkpeilen, DM in Foxoring und die Ranglistenl\u00e4ufe (Ausscheidungsl\u00e4ufe zur Teilnahme an der Europa- bzw. Weltmeisterschaft), m\u00fcssen vom zust\u00e4ndigen ARDF-Distrikt-Peilreferenten (bzw. vom Ausrichter in Absprache mit dem zust\u00e4ndigen Distrikt-Peilreferenten) rechtzeitig beim ARDF-Referat des DARC angemeldet werden ! Grund: Nur wenn diese offiziellen Wettbewerbe vorher in der CQ-DL (monatlich erscheinende Zeitschrift des Deuteschen-Amateur-Radio-Club) angek\u00fcndigt wurden, haben sie die G\u00fcltigkeit als offizieller Wettbewerb !<\/p>\n<p>&nbsp;<\/p>\n<p>\u00dcbrigens: bei den RLL, DM, Europa- und Weltmeisterschaft im Amateurfunkpeilen sind als Kartenmaterial Orientierungslaufkarten (die man nicht beim Landesvermessungs-\/ Kartasteramt bekommt) vorgeschrieben.<\/p>\n<p>&nbsp;<\/p>\n<p>Ab Juni 2007 durften wir zwar wieder Wettbewerbe am Uhlenhof ausrichten, aber da sich ein Waldbesitzer beschwert hatte, das 2006 bei einem Wettbewerb (vermutlich der Ranglistenlauf) viele Teilnehmer quer durch den Wald gelaufen sind und sich nicht an den Wegen gehalten haben, (was Auflage unserer Waldbetretungsgenehmigung ist,) mussten wir garantieren, dass die Teilnehmer sich auf den Wegen halten. Deshalb f\u00fchrten wir in Haltern ab Juni 2007 bis September 2009 nur noch Foxoringwettbewerbe durch, da die Teilnehmer dann auf den Wegen bleiben, da die\u00a0 Sender an den Wegen liegen.<\/p>\n","protected":false},"excerpt":{"rendered":"<p>Fuchsjagd, Amateurfunkpeilen auch ARDF (Amateur-Radio-Direction-Finding) genannt, ist der sportliche Teil des Amateurfunks. Da man zum Empfang von Amateurfunkaussendungen keine Lizenz (Genehmigung\/Funkzeugnis) ben\u00f6tigt, darf diesen Sport jedermann (auch Kinder) aus\u00fcben. Das Verstecken der Sender (F\u00fcchse\/Peilbake\/Posten) darf nur von einem lizensierten Funkamateur durchgef\u00fchrt werden. Grunds\u00e4tzlich geht es darum, mit Peilempf\u00e4ngern, im Wald versteckte Sender zu finden und&hellip; <a href=\"https:\/\/www.vfdb.org\/aktuell\/organisation\/referate\/ardf\/was-ist-eine-fuchsjagd\/\">Weiterlesen <span class=\"meta-nav\">&rarr;<\/span><\/a><\/p>\n","protected":false},"author":2,"featured_media":0,"parent":312,"menu_order":0,"comment_status":"closed","ping_status":"open","template":"","meta":{"footnotes":""},"class_list":["post-558","page","type-page","status-publish","hentry"],"_links":{"self":[{"href":"https:\/\/www.vfdb.org\/aktuell\/wp-json\/wp\/v2\/pages\/558","targetHints":{"allow":["GET"]}}],"collection":[{"href":"https:\/\/www.vfdb.org\/aktuell\/wp-json\/wp\/v2\/pages"}],"about":[{"href":"https:\/\/www.vfdb.org\/aktuell\/wp-json\/wp\/v2\/types\/page"}],"author":[{"embeddable":true,"href":"https:\/\/www.vfdb.org\/aktuell\/wp-json\/wp\/v2\/users\/2"}],"replies":[{"embeddable":true,"href":"https:\/\/www.vfdb.org\/aktuell\/wp-json\/wp\/v2\/comments?post=558"}],"version-history":[{"count":1,"href":"https:\/\/www.vfdb.org\/aktuell\/wp-json\/wp\/v2\/pages\/558\/revisions"}],"predecessor-version":[{"id":559,"href":"https:\/\/www.vfdb.org\/aktuell\/wp-json\/wp\/v2\/pages\/558\/revisions\/559"}],"up":[{"embeddable":true,"href":"https:\/\/www.vfdb.org\/aktuell\/wp-json\/wp\/v2\/pages\/312"}],"wp:attachment":[{"href":"https:\/\/www.vfdb.org\/aktuell\/wp-json\/wp\/v2\/media?parent=558"}],"curies":[{"name":"wp","href":"https:\/\/api.w.org\/{rel}","templated":true}]}}