{"id":75,"date":"2013-06-22T00:17:44","date_gmt":"2013-06-21T22:17:44","guid":{"rendered":"https:\/\/www.vfdb.org\/aktuell\/?page_id=75"},"modified":"2025-12-31T14:51:02","modified_gmt":"2025-12-31T13:51:02","slug":"funkbetrieb","status":"publish","type":"page","link":"https:\/\/www.vfdb.org\/aktuell\/organisation\/referate\/funkbetrieb\/","title":{"rendered":"Funkbetrieb"},"content":{"rendered":"<p><b>Der VFDB e.V. bietet eine Reihe von Funkaktivit\u00e4ten an. So werden Ausschreibungen und die dazugeh\u00f6rigen Auswertungen durch das Funkbetriebs Referat erstellt. Die Koordination von Funkrunden ist ebenso Bestandteil. Weitere Details sind hier zu lesen.\u00a0<\/b><\/p>\n<h2>Funkrunden<\/h2>\n<p>Die <b>VFDB-Funkrunden<\/b> dienen der Bandbelebung der Frequenzen und finden auf 160 Meter in CW und SSB, sowie auf 80 Meter in CW und SSB statt. Fall es die Ausbreitungsbedingungen erfordern, macht die 80 SSB-Runde QSY auf das 40 Meter Band.<\/p>\n<p><strong>Hier die Termine:<\/strong><\/p>\n<table style=\"height: 175px;\" width=\"797\" cellspacing=\"0\" cellpadding=\"0\">\n<tbody>\n<tr>\n<td valign=\"middle\"><span style=\"color: #000000;\">160 m SSB<\/span><\/td>\n<td valign=\"middle\"><span style=\"color: #000000;\">3. Montag im Monat* Z-Runde<\/span><\/td>\n<td valign=\"middle\"><span style=\"color: #000000;\">1850 kHz<\/span><\/td>\n<td valign=\"middle\"><span style=\"color: #000000;\">19:00 UTC<\/span><\/td>\n<\/tr>\n<tr>\n<td valign=\"middle\"><span style=\"color: #000000;\">160 m CW<\/span><\/td>\n<td valign=\"middle\"><span style=\"color: #000000;\">4. Montag im Monat* Z-Runde<\/span><\/td>\n<td valign=\"middle\"><span style=\"color: #000000;\">1819\u00a0kHz<\/span><\/td>\n<td valign=\"middle\"><span style=\"color: #000000;\">19:00 UTC<\/span><\/td>\n<\/tr>\n<tr>\n<td valign=\"middle\"><span style=\"color: #000000;\">\u00a080 m SSB<\/span><\/td>\n<td valign=\"middle\"><span style=\"color: #000000;\">1. Samstag im Monat* Z-Runde mit Rundspruch<\/span><\/td>\n<td valign=\"middle\"><span style=\"color: #000000;\">3640 kHz<\/span><\/td>\n<td valign=\"middle\"><span style=\"color: #000000;\">15:00 UTC<\/span><\/td>\n<\/tr>\n<tr>\n<td valign=\"middle\"><span style=\"color: #000000;\">80 m SSB\u00a0<\/span><\/td>\n<td valign=\"middle\"><span style=\"color: #000000;\">3. Samstag im Monat* Z-Runde\u00a0<\/span><\/td>\n<td valign=\"middle\"><span style=\"color: #000000;\">3640 kHz<\/span><\/td>\n<td valign=\"middle\"><span style=\"color: #000000;\">15:00 UTC<\/span><\/td>\n<\/tr>\n<tr>\n<td valign=\"middle\"><span style=\"color: #000000;\">80 m CW<\/span><\/td>\n<td valign=\"middle\"><span style=\"color: #000000;\">1. Montag im Monat* Z-Runde<\/span><\/td>\n<td valign=\"middle\"><span style=\"color: #000000;\">3558 kHz<\/span><\/td>\n<td valign=\"middle\"><span style=\"color: #000000;\">19:00 LT<\/span><\/td>\n<\/tr>\n<tr>\n<td valign=\"middle\"><span style=\"color: #000000;\">80 m SSB<\/span><\/td>\n<td valign=\"middle\"><span style=\"color: #000000;\">jeden Mittwoch die RPZ-Runde**<\/span><\/td>\n<td valign=\"middle\"><span style=\"color: #000000;\">3690 kHz<\/span><\/td>\n<td valign=\"middle\"><span style=\"color: #000000;\">ab 07:30 LT<\/span><\/td>\n<\/tr>\n<\/tbody>\n<\/table>\n<p><span style=\"color: #333333;\">*\u00a0\u00a0 Sommerpause im Juli + August<\/span><br \/>\n<span style=\"color: #333333;\">**\u00a0\u00a0 keine Sommerpause<\/span><\/p>\n<p>Die <strong>Rufzeichen f\u00fcr Rundspr\u00fcche<\/strong> lauten<\/p>\n<ul>\n<li>DF\u00d8FTP<\/li>\n<li>DL\u00d8FTP<\/li>\n<li>DB\u00d8DBP<\/li>\n<li>DF\u00d8DBP<\/li>\n<li>DK\u00d8DBP<\/li>\n<li>DL\u00d8DBP<\/li>\n<\/ul>\n<h2>Contest Ausschreibungen:<\/h2>\n<p><u><b>Hinweise zum Contest<\/b><\/u><b> <\/b>Die Programmierer von HAM-Office stellen f\u00fcr den Z-Contest eine Freeware-Version als VFDB-Contest-Programm unter <a href=\"https:\/\/www.qslonline.de\/kontest.htm\" target=\"_blank\" rel=\"noopener\">www.qslonline.de\/kontest.htm<\/a>\u00a0zur Verf\u00fcgung ( Ausspielung als &#8222;E-Log Gesamtdatei&#8220;).<\/p>\n<table width=\"100%\">\n<thead>\n<tr>\n<td width=\"25%\"><strong>VFDB-Aktiv<\/strong><\/td>\n<td width=\"25%\"><strong>VFDB-Contest<\/strong><\/td>\n<td width=\"25%\"><strong>VFDB-Aktivit\u00e4tsmonate<\/strong><\/td>\n<td width=\"25%\"><strong>DLPX Contest\u00a0<\/strong><\/td>\n<\/tr>\n<\/thead>\n<tbody>\n<tr>\n<td width=\"25%\">VFDB-Aktiv ist ein j\u00e4hrlicher Wettbewerb f\u00fcr Mitglieder des VFDB. Die Teilnahme an ausgew\u00e4hlten Aktivit\u00e4ten und Veranstaltungen des Verbandes wird dabei mit Punkten honoriert, die dem jeweiligen Ortsverband gutgeschrieben werden. Zur <a href=\"https:\/\/www.vfdb.org\/files\/referate\/funkbetrieb\/ausschreibungen\/VFDB-Aktiv.pdf\" target=\"_blank\" rel=\"noopener noreferrer\">Ausschreibung<\/a><\/td>\n<td width=\"25%\">Der VFDB-Contest finden im Februar, Juni und Oktober jeweils auf 80 m und 40 m sowie auf 2 m und 70 cm statt. Zur <a href=\"https:\/\/www.vfdb.org\/files\/referate\/funkbetrieb\/ausschreibungen\/VFDB_Contest.pdf\" target=\"_blank\" rel=\"noopener noreferrer\">Ausschreibung<\/a><\/td>\n<td width=\"25%\">Die Aktivit\u00e4tsmonate wurden eingef\u00fchrt, um interessierten Funkamateuren eine zus\u00e4tzliche und flexible M\u00f6glichkeit zu bieten, fehlende DOKs zu arbeiten. Zur <a href=\"https:\/\/www.vfdb.org\/files\/referate\/funkbetrieb\/ausschreibungen\/VFDB-Aktivitaesmonate.pdf\" target=\"_blank\" rel=\"noopener noreferrer\">Ausschreibung<\/a><\/td>\n<td width=\"25%\">Dieser findet in zwei Teilen statt. <strong>Teil 1<\/strong> findet jeweils am Sonntag nach dem dritten Samstag im Januar von 15:00 UTC bis 16:59 UTC auf <strong>CW (80\u202fm)<\/strong> statt. <strong>Teil 2<\/strong> folgt am Sonntag nach dem dritten Samstag im M\u00e4rz, ebenfalls von 15:00 UTC bis 16:59 UTC, auf <strong>SSB (80\u202fm)<\/strong>. Als Multiplikatoren z\u00e4hlen alle <strong>DL\u2011Pr\u00e4fixe von DA1 bis DR9<\/strong> sowie die <strong>Sonderstationen des VFDB<\/strong>. Zur <a href=\"https:\/\/www.vfdb.org\/files\/referate\/funkbetrieb\/ausschreibungen\/VFDB_DLPX-Contest.pdf\">Ausschreibung<\/a>.<\/td>\n<\/tr>\n<\/tbody>\n<\/table>\n<h2>Contest Auswertungen:<\/h2>\n<p><a href=\"https:\/\/www.vfdb.org\/files\/referate\/funkbetrieb\/ergebnislisten\/\" target=\"_blank\" rel=\"noopener noreferrer\">Alle Contest Ergebnisse<\/a> der letzten Jahre findest du im Archiv, sowie weitere Dateien des Funbetriebsreferates.<\/p>\n<table width=\"100%\">\n<thead>\n<tr>\n<td width=\"25%\"><strong>VFDB Aktiv<\/strong><\/td>\n<td width=\"25%\"><strong>VFDB Contest<\/strong><\/td>\n<td width=\"25%\"><strong>VFDB Aktivit\u00e4tstage<\/strong><\/td>\n<td width=\"25%\"><strong>DLPX Contest<\/strong><\/td>\n<\/tr>\n<\/thead>\n<tbody>\n<tr>\n<td width=\"25%\">Die erreichten Pl\u00e4tze<br \/>\nsind <a href=\"https:\/\/www.vfdb.org\/files\/referate\/funkbetrieb\/ergebnislisten\/aktiv\/\" target=\"_blank\" rel=\"noopener noreferrer\"><strong>hier<\/strong><\/a>, sortiert nach<br \/>\nJahrg\u00e4ngen zu finden.<\/td>\n<td width=\"25%\">Die Contest Ergebnisse werden als<br \/>\nPDF Datei <a href=\"https:\/\/www.vfdb.org\/files\/referate\/funkbetrieb\/ergebnislisten\/kontest\/\" target=\"_blank\" rel=\"noopener noreferrer\"><strong>hier<\/strong><\/a> sortiert nach Jahrgang<br \/>\nabgelegt.<\/td>\n<td width=\"25%\">Die Auswertungen zu den<br \/>\nAktivit\u00e4tstagen sind <a href=\"https:\/\/www.vfdb.org\/files\/referate\/funkbetrieb\/ergebnislisten\/aktivitaetstage\/\" target=\"_blank\" rel=\"noopener noreferrer\"><strong>hier<\/strong><\/a> zu<br \/>\nfinden.<\/td>\n<td width=\"25%\">Die Auswertungen zu den<br \/>\nDLPX Contest sind <a href=\"https:\/\/www.vfdb.org\/files\/referate\/funkbetrieb\/ergebnislisten\/kontest\/\" target=\"_blank\" rel=\"noopener noreferrer\"><strong>hier<\/strong><\/a> zu<br \/>\nfinden.<\/td>\n<\/tr>\n<\/tbody>\n<\/table>\n<h2>Contest Formulare:<\/h2>\n<p>Das Funkreferat stellt Formulare f\u00fcr den Contest, als auch f\u00fcr den Funkbetrieb zur Verf\u00fcgung. <a href=\"https:\/\/www.vfdb.org\/files\/referate\/funkbetrieb\/formular\/\">Alle Formulare findet man hier<\/a>.<\/p>\n<p>&nbsp;<\/p>\n<h2>DE-Kennzeichen f\u00fcr SWL:<\/h2>\n<p>Das Formular f\u00fcr die Beantragung von SWL-DE-Kennzeichen, sowie eine Kurzanleitung zum Erwerb eines DE-Kennzeichens findet ihr im <a href=\"https:\/\/www.vfdb.org\/aktuell\/downloads\/\">Download-Bereich<\/a>.<\/p>\n<h2>Kontakt:<\/h2>\n<p><strong>Referat f\u00fcr Funkbetrieb und Kontestmanager<\/strong><\/p>\n<p style=\"color: #000000;\">Joachim Gebauer, DL6ON<br \/>\nHolzh\u00e4usen 14<br \/>\n29225 Celle<br \/>\nTelefon:\u00a0 +49 5141 42239<br \/>\nE-Mail: dl6on at vfdb.org<\/p>\n<p>&nbsp;<\/p>\n<hr \/>\n<h1 class=\"mt-4\">Statistik zur Funk-Aktivit\u00e4t<\/h1>\n<p><a href=\"https:\/\/dxheat.com\/db\/DF0FTP\/\" target=\"_blank\" rel=\"noopener\">DF0FTP<\/a><br \/>\n<a href=\"https:\/\/foc.dj1yfk.de\/activity\/DF0FTP\"><img decoding=\"async\" class=\"img-fluid\" src=\"https:\/\/foc.dj1yfk.de\/activity\/image\/DF0FTP\" \/><\/a><br \/>\n<iframe loading=\"lazy\" class=\"embed-responsive-item\" style=\"border-width: 0;\" src=\"https:\/\/clublog.org\/logsearch.php?log=DF0FTP&amp;iframe=1\" width=\"800\" height=\"200\" frameborder=\"0\" scrolling=\"no\"><span data-mce-type=\"bookmark\" style=\"display: inline-block; width: 0px; overflow: hidden; line-height: 0;\" class=\"mce_SELRES_start\">\ufeff<\/span><\/iframe><\/p>\n<p><a href=\"https:\/\/dxheat.com\/db\/DL0FTP\/\" target=\"_blank\" rel=\"noopener\">DL0FTP<\/a><br \/>\n<a href=\"https:\/\/foc.dj1yfk.de\/activity\/DL0FTP\"><img decoding=\"async\" class=\"img-fluid\" src=\"https:\/\/foc.dj1yfk.de\/activity\/image\/DL0FTP\" \/><\/a><br \/>\n<iframe loading=\"lazy\" class=\"embed-responsive-item\" style=\"border-width: 0;\" src=\"https:\/\/clublog.org\/logsearch.php?log=DL0FTP&amp;iframe=1\" width=\"800\" height=\"200\" frameborder=\"0\" scrolling=\"no\"><\/iframe><\/p>\n<p>&nbsp;<\/p>\n<p><a href=\"https:\/\/dxheat.com\/db\/DB0DBP\/\" target=\"_blank\" rel=\"noopener\">DB0DBP<\/a><br \/>\n<a href=\"https:\/\/foc.dj1yfk.de\/activity\/DB0DBP\"><img decoding=\"async\" class=\"img-fluid\" src=\"https:\/\/foc.dj1yfk.de\/activity\/image\/DB0DBP\" \/><\/a><br \/>\n<iframe loading=\"lazy\" class=\"embed-responsive-item\" style=\"border-width: 0;\" src=\"https:\/\/clublog.org\/logsearch.php?log=DB0DBP&amp;iframe=1\" width=\"800\" height=\"200\" frameborder=\"0\" scrolling=\"no\"><\/iframe><\/p>\n<p>&nbsp;<\/p>\n<p><a href=\"https:\/\/dxheat.com\/db\/DF0DBP\/\" target=\"_blank\" rel=\"noopener\">DF0DBP<\/a><br \/>\n<a href=\"https:\/\/foc.dj1yfk.de\/activity\/DF0DBP\"><img decoding=\"async\" class=\"img-fluid\" src=\"https:\/\/foc.dj1yfk.de\/activity\/image\/DF0DBP\" \/><\/a><br \/>\n<iframe loading=\"lazy\" class=\"embed-responsive-item\" style=\"border-width: 0;\" src=\"https:\/\/clublog.org\/logsearch.php?log=DF0DBP&amp;iframe=1\" width=\"800\" height=\"200\" frameborder=\"0\" scrolling=\"no\"><\/iframe><\/p>\n<p>&nbsp;<\/p>\n<p><a href=\"https:\/\/dxheat.com\/db\/DK0DBP\/\" target=\"_blank\" rel=\"noopener\">DK0DBP<\/a><br \/>\n<a href=\"https:\/\/foc.dj1yfk.de\/activity\/DK0DBP\"><img decoding=\"async\" class=\"img-fluid\" src=\"https:\/\/foc.dj1yfk.de\/activity\/image\/DK0DBP\" \/><\/a><br \/>\n<iframe loading=\"lazy\" class=\"embed-responsive-item\" style=\"border-width: 0;\" src=\"https:\/\/clublog.org\/logsearch.php?log=DK0DBP&amp;iframe=1\" width=\"800\" height=\"200\" frameborder=\"0\" scrolling=\"no\"><\/iframe><\/p>\n<p>&nbsp;<\/p>\n<p><a href=\"https:\/\/dxheat.com\/db\/DL0DBP\/\" target=\"_blank\" rel=\"noopener\">DL0DBP<\/a><br \/>\n<a href=\"https:\/\/foc.dj1yfk.de\/activity\/DL0DBP\"><img decoding=\"async\" class=\"img-fluid\" src=\"https:\/\/foc.dj1yfk.de\/activity\/image\/DL0DBP\" \/><\/a><br \/>\n<iframe loading=\"lazy\" class=\"embed-responsive-item\" style=\"border-width: 0;\" src=\"https:\/\/clublog.org\/logsearch.php?log=DL0DBP&amp;iframe=1\" width=\"800\" height=\"200\" frameborder=\"0\" scrolling=\"no\"><\/iframe><\/p>\n","protected":false},"excerpt":{"rendered":"<p>Der VFDB e.V. bietet eine Reihe von Funkaktivit\u00e4ten an. So werden Ausschreibungen und die dazugeh\u00f6rigen Auswertungen durch das Funkbetriebs Referat erstellt. Die Koordination von Funkrunden ist ebenso Bestandteil. Weitere Details sind hier zu lesen.\u00a0 Funkrunden Die VFDB-Funkrunden dienen der Bandbelebung der Frequenzen und finden auf 160 Meter in CW und SSB, sowie auf 80 Meter&hellip; <a href=\"https:\/\/www.vfdb.org\/aktuell\/organisation\/referate\/funkbetrieb\/\">Weiterlesen <span class=\"meta-nav\">&rarr;<\/span><\/a><\/p>\n","protected":false},"author":1,"featured_media":0,"parent":63,"menu_order":0,"comment_status":"closed","ping_status":"closed","template":"","meta":{"footnotes":""},"class_list":["post-75","page","type-page","status-publish","hentry"],"_links":{"self":[{"href":"https:\/\/www.vfdb.org\/aktuell\/wp-json\/wp\/v2\/pages\/75","targetHints":{"allow":["GET"]}}],"collection":[{"href":"https:\/\/www.vfdb.org\/aktuell\/wp-json\/wp\/v2\/pages"}],"about":[{"href":"https:\/\/www.vfdb.org\/aktuell\/wp-json\/wp\/v2\/types\/page"}],"author":[{"embeddable":true,"href":"https:\/\/www.vfdb.org\/aktuell\/wp-json\/wp\/v2\/users\/1"}],"replies":[{"embeddable":true,"href":"https:\/\/www.vfdb.org\/aktuell\/wp-json\/wp\/v2\/comments?post=75"}],"version-history":[{"count":56,"href":"https:\/\/www.vfdb.org\/aktuell\/wp-json\/wp\/v2\/pages\/75\/revisions"}],"predecessor-version":[{"id":3156,"href":"https:\/\/www.vfdb.org\/aktuell\/wp-json\/wp\/v2\/pages\/75\/revisions\/3156"}],"up":[{"embeddable":true,"href":"https:\/\/www.vfdb.org\/aktuell\/wp-json\/wp\/v2\/pages\/63"}],"wp:attachment":[{"href":"https:\/\/www.vfdb.org\/aktuell\/wp-json\/wp\/v2\/media?parent=75"}],"curies":[{"name":"wp","href":"https:\/\/api.w.org\/{rel}","templated":true}]}}